{"id":987855,"date":"2026-04-15T14:07:00","date_gmt":"2026-04-15T14:07:00","guid":{"rendered":"https:\/\/www.assistenzafirenze.it\/?post_type=product&#038;p=987855"},"modified":"2026-06-12T14:22:29","modified_gmt":"2026-06-12T14:22:29","slug":"rosso-di-montalcino","status":"publish","type":"product","link":"https:\/\/www.assistenzafirenze.it\/index.php\/product\/rosso-di-montalcino\/","title":{"rendered":"Rosso di Montalcino"},"content":{"rendered":"<div class=\"vgblk-rw-wrapper limit-wrapper\"><strong>terreni: <\/strong>di origine oceanica con arenaria e striature argillose<\/p>\n<p><strong>vigne:<\/strong> tutti vigneti di propriet\u00e0<\/p>\n<p><strong>raccolta:<\/strong> manuale, diraspatura per oscillazione e ricevimento acini in vasca per gravit\u00e0<\/p>\n<p><strong>Uve: <\/strong><strong>s<\/strong>angiovese grosso bbs11 da conduzione agronomica biologica certificata e biodinamica<\/p>\n<p><strong>Fermentazione:<\/strong> lieviti indigeni, temperatura controllata<\/p>\n<p><strong>Macerazione:<\/strong> circa 3 settimane sulle bucce in vasche di cemento ed acciaio<\/p>\n<p><strong>Affinamento:<\/strong> 1 anno in botti grandi di rovere di slavonia di giovane et\u00e0<\/p>\n<p><strong>imbottigliamento:<\/strong> per gravit\u00e0 a Gennaio \/ Febbraio del secondo anno dalla vendemmia<\/p>\n<p><strong>Chiusura:<\/strong> tappo monopezzo in sughero naturale 49*24<\/p>\n<p>&nbsp;<\/p>\n<p>Stessa qualit\u00e0 e vigneti del suo fratello Brunello, questo vino viene realizzato da una selezione manuale dei grappoli pi\u00f9 grandi che guardano ad ovest cos\u00ec da ottenere succosit\u00e0 ed equilibrio fin da subito. L\u2019affinamento di 1 anno in botte giovane gli permette di acquisire grande espressivit\u00e0 e piacevolezza.<\/p><\/div>\n<p><!-- .vgblk-rw-wrapper --><\/p>\n","protected":false},"excerpt":{"rendered":"<p>terreni: di origine oceanica con arenaria e striature argillose vigne: tutti vigneti di propriet\u00e0 raccolta: manuale, diraspatura per oscillazione e ricevimento acini in vasca per gravit\u00e0 Uve: sangiovese grosso bbs11 da conduzione agronomica biologica certificata e biodinamica Fermentazione: lieviti indigeni, temperatura controllata Macerazione: circa 3 settimane sulle bucce in vasche di cemento ed acciaio Affinamento:&#8230;<\/p>\n","protected":false},"featured_media":988280,"comment_status":"closed","ping_status":"closed","template":"","meta":[],"product_brand":[],"product_cat":[92],"product_tag":[],"class_list":["post-987855","product","type-product","status-publish","has-post-thumbnail","product_cat-rosso-di-montalcino","first","instock","shipping-taxable","product-type-simple"],"yoast_head":"<!-- This site is optimized with the Yoast SEO plugin v28.4 - https:\/\/yoast.com\/product\/yoast-seo-wordpress\/ -->\n<title>Rosso di Montalcino - Le Chiuse<\/title>\n<meta name=\"robots\" content=\"index, follow, max-snippet:-1, max-image-preview:large, max-video-preview:-1\" \/>\n<link rel=\"canonical\" href=\"http:\/\/www.assistenzafirenze.it\/index.php\/product\/rosso-di-montalcino\/\" \/>\n<meta property=\"og:locale\" content=\"it_IT\" \/>\n<meta property=\"og:type\" content=\"article\" \/>\n<meta property=\"og:title\" content=\"Rosso di Montalcino - Le Chiuse\" \/>\n<meta property=\"og:description\" content=\"terreni: di origine oceanica con arenaria e striature argillose vigne: tutti vigneti di propriet\u00e0 raccolta: manuale, diraspatura per oscillazione e ricevimento acini in vasca per gravit\u00e0 Uve: sangiovese grosso bbs11 da conduzione agronomica biologica certificata e biodinamica Fermentazione: lieviti indigeni, temperatura controllata Macerazione: circa 3 settimane sulle bucce in vasche di cemento ed acciaio Affinamento:...\" \/>\n<meta property=\"og:url\" content=\"http:\/\/www.assistenzafirenze.it\/index.php\/product\/rosso-di-montalcino\/\" \/>\n<meta property=\"og:site_name\" content=\"Le Chiuse\" \/>\n<meta property=\"article:modified_time\" content=\"2026-06-12T14:22:29+00:00\" \/>\n<meta property=\"og:image\" content=\"http:\/\/www.assistenzafirenze.it\/wp-content\/uploads\/2026\/04\/Rossoico400.png\" \/>\n\t<meta property=\"og:image:width\" content=\"400\" \/>\n\t<meta property=\"og:image:height\" content=\"400\" \/>\n\t<meta property=\"og:image:type\" content=\"image\/png\" \/>\n<meta name=\"twitter:card\" content=\"summary_large_image\" \/>\n<meta name=\"twitter:label1\" content=\"Tempo di lettura stimato\" \/>\n\t<meta name=\"twitter:data1\" content=\"1 minuto\" \/>\n<script type=\"application\/ld+json\" class=\"yoast-schema-graph\">{\"@context\":\"https:\\\/\\\/schema.org\",\"@graph\":[{\"@type\":\"WebPage\",\"@id\":\"http:\\\/\\\/www.assistenzafirenze.it\\\/index.php\\\/product\\\/rosso-di-montalcino\\\/\",\"url\":\"http:\\\/\\\/www.assistenzafirenze.it\\\/index.php\\\/product\\\/rosso-di-montalcino\\\/\",\"name\":\"Rosso di Montalcino - Le Chiuse\",\"isPartOf\":{\"@id\":\"http:\\\/\\\/www.assistenzafirenze.it\\\/#website\"},\"primaryImageOfPage\":{\"@id\":\"http:\\\/\\\/www.assistenzafirenze.it\\\/index.php\\\/product\\\/rosso-di-montalcino\\\/#primaryimage\"},\"image\":{\"@id\":\"http:\\\/\\\/www.assistenzafirenze.it\\\/index.php\\\/product\\\/rosso-di-montalcino\\\/#primaryimage\"},\"thumbnailUrl\":\"https:\\\/\\\/www.assistenzafirenze.it\\\/wp-content\\\/uploads\\\/2026\\\/04\\\/Rossoico400.png\",\"datePublished\":\"2026-04-15T14:07:00+00:00\",\"dateModified\":\"2026-06-12T14:22:29+00:00\",\"breadcrumb\":{\"@id\":\"http:\\\/\\\/www.assistenzafirenze.it\\\/index.php\\\/product\\\/rosso-di-montalcino\\\/#breadcrumb\"},\"inLanguage\":\"it-IT\",\"potentialAction\":[{\"@type\":\"ReadAction\",\"target\":[\"http:\\\/\\\/www.assistenzafirenze.it\\\/index.php\\\/product\\\/rosso-di-montalcino\\\/\"]}]},{\"@type\":\"ImageObject\",\"inLanguage\":\"it-IT\",\"@id\":\"http:\\\/\\\/www.assistenzafirenze.it\\\/index.php\\\/product\\\/rosso-di-montalcino\\\/#primaryimage\",\"url\":\"https:\\\/\\\/www.assistenzafirenze.it\\\/wp-content\\\/uploads\\\/2026\\\/04\\\/Rossoico400.png\",\"contentUrl\":\"https:\\\/\\\/www.assistenzafirenze.it\\\/wp-content\\\/uploads\\\/2026\\\/04\\\/Rossoico400.png\",\"width\":400,\"height\":400},{\"@type\":\"BreadcrumbList\",\"@id\":\"http:\\\/\\\/www.assistenzafirenze.it\\\/index.php\\\/product\\\/rosso-di-montalcino\\\/#breadcrumb\",\"itemListElement\":[{\"@type\":\"ListItem\",\"position\":1,\"name\":\"Home\",\"item\":\"http:\\\/\\\/www.assistenzafirenze.it\\\/\"},{\"@type\":\"ListItem\",\"position\":2,\"name\":\"Shop\",\"item\":\"http:\\\/\\\/www.assistenzafirenze.it\\\/index.php\\\/shop\\\/\"},{\"@type\":\"ListItem\",\"position\":3,\"name\":\"Rosso di Montalcino\"}]},{\"@type\":\"WebSite\",\"@id\":\"http:\\\/\\\/www.assistenzafirenze.it\\\/#website\",\"url\":\"http:\\\/\\\/www.assistenzafirenze.it\\\/\",\"name\":\"Le Chiuse\",\"description\":\"Le Chiuse Montalcino\",\"publisher\":{\"@id\":\"http:\\\/\\\/www.assistenzafirenze.it\\\/#organization\"},\"potentialAction\":[{\"@type\":\"SearchAction\",\"target\":{\"@type\":\"EntryPoint\",\"urlTemplate\":\"http:\\\/\\\/www.assistenzafirenze.it\\\/?s={search_term_string}\"},\"query-input\":{\"@type\":\"PropertyValueSpecification\",\"valueRequired\":true,\"valueName\":\"search_term_string\"}}],\"inLanguage\":\"it-IT\"},{\"@type\":\"Organization\",\"@id\":\"http:\\\/\\\/www.assistenzafirenze.it\\\/#organization\",\"name\":\"Le Chiuse\",\"url\":\"http:\\\/\\\/www.assistenzafirenze.it\\\/\",\"logo\":{\"@type\":\"ImageObject\",\"inLanguage\":\"it-IT\",\"@id\":\"http:\\\/\\\/www.assistenzafirenze.it\\\/#\\\/schema\\\/logo\\\/image\\\/\",\"url\":\"https:\\\/\\\/www.assistenzafirenze.it\\\/wp-content\\\/uploads\\\/2026\\\/04\\\/logochiuseoff.png\",\"contentUrl\":\"https:\\\/\\\/www.assistenzafirenze.it\\\/wp-content\\\/uploads\\\/2026\\\/04\\\/logochiuseoff.png\",\"width\":561,\"height\":348,\"caption\":\"Le Chiuse\"},\"image\":{\"@id\":\"http:\\\/\\\/www.assistenzafirenze.it\\\/#\\\/schema\\\/logo\\\/image\\\/\"}}]}<\/script>\n<!-- \/ Yoast SEO plugin. -->","yoast_head_json":{"title":"Rosso di Montalcino - Le Chiuse","robots":{"index":"index","follow":"follow","max-snippet":"max-snippet:-1","max-image-preview":"max-image-preview:large","max-video-preview":"max-video-preview:-1"},"canonical":"http:\/\/www.assistenzafirenze.it\/index.php\/product\/rosso-di-montalcino\/","og_locale":"it_IT","og_type":"article","og_title":"Rosso di Montalcino - Le Chiuse","og_description":"terreni: di origine oceanica con arenaria e striature argillose vigne: tutti vigneti di propriet\u00e0 raccolta: manuale, diraspatura per oscillazione e ricevimento acini in vasca per gravit\u00e0 Uve: sangiovese grosso bbs11 da conduzione agronomica biologica certificata e biodinamica Fermentazione: lieviti indigeni, temperatura controllata Macerazione: circa 3 settimane sulle bucce in vasche di cemento ed acciaio Affinamento:...","og_url":"http:\/\/www.assistenzafirenze.it\/index.php\/product\/rosso-di-montalcino\/","og_site_name":"Le Chiuse","article_modified_time":"2026-06-12T14:22:29+00:00","og_image":[{"width":400,"height":400,"url":"http:\/\/www.assistenzafirenze.it\/wp-content\/uploads\/2026\/04\/Rossoico400.png","type":"image\/png"}],"twitter_card":"summary_large_image","twitter_misc":{"Tempo di lettura stimato":"1 minuto"},"schema":{"@context":"https:\/\/schema.org","@graph":[{"@type":"WebPage","@id":"http:\/\/www.assistenzafirenze.it\/index.php\/product\/rosso-di-montalcino\/","url":"http:\/\/www.assistenzafirenze.it\/index.php\/product\/rosso-di-montalcino\/","name":"Rosso di Montalcino - Le Chiuse","isPartOf":{"@id":"http:\/\/www.assistenzafirenze.it\/#website"},"primaryImageOfPage":{"@id":"http:\/\/www.assistenzafirenze.it\/index.php\/product\/rosso-di-montalcino\/#primaryimage"},"image":{"@id":"http:\/\/www.assistenzafirenze.it\/index.php\/product\/rosso-di-montalcino\/#primaryimage"},"thumbnailUrl":"https:\/\/www.assistenzafirenze.it\/wp-content\/uploads\/2026\/04\/Rossoico400.png","datePublished":"2026-04-15T14:07:00+00:00","dateModified":"2026-06-12T14:22:29+00:00","breadcrumb":{"@id":"http:\/\/www.assistenzafirenze.it\/index.php\/product\/rosso-di-montalcino\/#breadcrumb"},"inLanguage":"it-IT","potentialAction":[{"@type":"ReadAction","target":["http:\/\/www.assistenzafirenze.it\/index.php\/product\/rosso-di-montalcino\/"]}]},{"@type":"ImageObject","inLanguage":"it-IT","@id":"http:\/\/www.assistenzafirenze.it\/index.php\/product\/rosso-di-montalcino\/#primaryimage","url":"https:\/\/www.assistenzafirenze.it\/wp-content\/uploads\/2026\/04\/Rossoico400.png","contentUrl":"https:\/\/www.assistenzafirenze.it\/wp-content\/uploads\/2026\/04\/Rossoico400.png","width":400,"height":400},{"@type":"BreadcrumbList","@id":"http:\/\/www.assistenzafirenze.it\/index.php\/product\/rosso-di-montalcino\/#breadcrumb","itemListElement":[{"@type":"ListItem","position":1,"name":"Home","item":"http:\/\/www.assistenzafirenze.it\/"},{"@type":"ListItem","position":2,"name":"Shop","item":"http:\/\/www.assistenzafirenze.it\/index.php\/shop\/"},{"@type":"ListItem","position":3,"name":"Rosso di Montalcino"}]},{"@type":"WebSite","@id":"http:\/\/www.assistenzafirenze.it\/#website","url":"http:\/\/www.assistenzafirenze.it\/","name":"Le Chiuse","description":"Le Chiuse Montalcino","publisher":{"@id":"http:\/\/www.assistenzafirenze.it\/#organization"},"potentialAction":[{"@type":"SearchAction","target":{"@type":"EntryPoint","urlTemplate":"http:\/\/www.assistenzafirenze.it\/?s={search_term_string}"},"query-input":{"@type":"PropertyValueSpecification","valueRequired":true,"valueName":"search_term_string"}}],"inLanguage":"it-IT"},{"@type":"Organization","@id":"http:\/\/www.assistenzafirenze.it\/#organization","name":"Le Chiuse","url":"http:\/\/www.assistenzafirenze.it\/","logo":{"@type":"ImageObject","inLanguage":"it-IT","@id":"http:\/\/www.assistenzafirenze.it\/#\/schema\/logo\/image\/","url":"https:\/\/www.assistenzafirenze.it\/wp-content\/uploads\/2026\/04\/logochiuseoff.png","contentUrl":"https:\/\/www.assistenzafirenze.it\/wp-content\/uploads\/2026\/04\/logochiuseoff.png","width":561,"height":348,"caption":"Le Chiuse"},"image":{"@id":"http:\/\/www.assistenzafirenze.it\/#\/schema\/logo\/image\/"}}]}},"_links":{"self":[{"href":"https:\/\/www.assistenzafirenze.it\/index.php\/wp-json\/wp\/v2\/product\/987855","targetHints":{"allow":["GET"]}}],"collection":[{"href":"https:\/\/www.assistenzafirenze.it\/index.php\/wp-json\/wp\/v2\/product"}],"about":[{"href":"https:\/\/www.assistenzafirenze.it\/index.php\/wp-json\/wp\/v2\/types\/product"}],"replies":[{"embeddable":true,"href":"https:\/\/www.assistenzafirenze.it\/index.php\/wp-json\/wp\/v2\/comments?post=987855"}],"version-history":[{"count":2,"href":"https:\/\/www.assistenzafirenze.it\/index.php\/wp-json\/wp\/v2\/product\/987855\/revisions"}],"predecessor-version":[{"id":988564,"href":"https:\/\/www.assistenzafirenze.it\/index.php\/wp-json\/wp\/v2\/product\/987855\/revisions\/988564"}],"wp:featuredmedia":[{"embeddable":true,"href":"https:\/\/www.assistenzafirenze.it\/index.php\/wp-json\/wp\/v2\/media\/988280"}],"wp:attachment":[{"href":"https:\/\/www.assistenzafirenze.it\/index.php\/wp-json\/wp\/v2\/media?parent=987855"}],"wp:term":[{"taxonomy":"product_brand","embeddable":true,"href":"https:\/\/www.assistenzafirenze.it\/index.php\/wp-json\/wp\/v2\/product_brand?post=987855"},{"taxonomy":"product_cat","embeddable":true,"href":"https:\/\/www.assistenzafirenze.it\/index.php\/wp-json\/wp\/v2\/product_cat?post=987855"},{"taxonomy":"product_tag","embeddable":true,"href":"https:\/\/www.assistenzafirenze.it\/index.php\/wp-json\/wp\/v2\/product_tag?post=987855"}],"curies":[{"name":"wp","href":"https:\/\/api.w.org\/{rel}","templated":true}]}}

<div class="vgblk-rw-wrapper limit-wrapper"><strong>terreni: </strong>di origine oceanica con arenaria e striature argillose</p>
<p><strong>vigne:</strong> tutti vigneti di proprietà</p>
<p><strong>raccolta:</strong> manuale, diraspatura per oscillazione e ricevimento acini in vasca per gravità</p>
<p><strong>Uve: </strong><strong>s</strong>angiovese grosso bbs11 da conduzione agronomica biologica certificata e biodinamica</p>
<p><strong>Fermentazione:</strong> lieviti indigeni, temperatura controllata</p>
<p><strong>Macerazione:</strong> circa 3 settimane sulle bucce in vasche di cemento ed acciaio</p>
<p><strong>Affinamento:</strong> 1 anno in botti grandi di rovere di slavonia di giovane età</p>
<p><strong>imbottigliamento:</strong> per gravità a Gennaio / Febbraio del secondo anno dalla vendemmia</p>
<p><strong>Chiusura:</strong> tappo monopezzo in sughero naturale 49*24</p>
<p>&nbsp;</p>
<p>Stessa qualità e vigneti del suo fratello Brunello, questo vino viene realizzato da una selezione manuale dei grappoli più grandi che guardano ad ovest così da ottenere succosità ed equilibrio fin da subito. L’affinamento di 1 anno in botte giovane gli permette di acquisire grande espressività e piacevolezza.</p></div>
<p><!-- .vgblk-rw-wrapper --></p>

<p>terreni: di origine oceanica con arenaria e striature argillose vigne: tutti vigneti di proprietà raccolta: manuale, diraspatura per oscillazione e ricevimento acini in vasca per gravità Uve: sangiovese grosso bbs11 da conduzione agronomica biologica certificata e biodinamica Fermentazione: lieviti indigeni, temperatura controllata Macerazione: circa 3 settimane sulle bucce in vasche di cemento ed acciaio Affinamento:&#8230;</p>

<!-- This site is optimized with the Yoast SEO plugin v28.4 - https://yoast.com/product/yoast-seo-wordpress/ -->
<title>Rosso di Montalcino - Le Chiuse</title>
<meta name="robots" content="index, follow, max-snippet:-1, max-image-preview:large, max-video-preview:-1" />
<link rel="canonical" href="http://www.assistenzafirenze.it/index.php/product/rosso-di-montalcino/" />
<meta property="og:locale" content="it_IT" />
<meta property="og:type" content="article" />
<meta property="og:title" content="Rosso di Montalcino - Le Chiuse" />
<meta property="og:description" content="terreni: di origine oceanica con arenaria e striature argillose vigne: tutti vigneti di proprietà raccolta: manuale, diraspatura per oscillazione e ricevimento acini in vasca per gravità Uve: sangiovese grosso bbs11 da conduzione agronomica biologica certificata e biodinamica Fermentazione: lieviti indigeni, temperatura controllata Macerazione: circa 3 settimane sulle bucce in vasche di cemento ed acciaio Affinamento:..." />
<meta property="og:url" content="http://www.assistenzafirenze.it/index.php/product/rosso-di-montalcino/" />
<meta property="og:site_name" content="Le Chiuse" />
<meta property="article:modified_time" content="2026-06-12T14:22:29+00:00" />
<meta property="og:image" content="http://www.assistenzafirenze.it/wp-content/uploads/2026/04/Rossoico400.png" />
	<meta property="og:image:width" content="400" />
	<meta property="og:image:height" content="400" />
	<meta property="og:image:type" content="image/png" />
<meta name="twitter:card" content="summary_large_image" />
<meta name="twitter:label1" content="Tempo di lettura stimato" />
	<meta name="twitter:data1" content="1 minuto" />
<script type="application/ld+json" class="yoast-schema-graph">{"@context":"https:\/\/schema.org","@graph":[{"@type":"WebPage","@id":"http:\/\/www.assistenzafirenze.it\/index.php\/product\/rosso-di-montalcino\/","url":"http:\/\/www.assistenzafirenze.it\/index.php\/product\/rosso-di-montalcino\/","name":"Rosso di Montalcino - Le Chiuse","isPartOf":{"@id":"http:\/\/www.assistenzafirenze.it\/#website"},"primaryImageOfPage":{"@id":"http:\/\/www.assistenzafirenze.it\/index.php\/product\/rosso-di-montalcino\/#primaryimage"},"image":{"@id":"http:\/\/www.assistenzafirenze.it\/index.php\/product\/rosso-di-montalcino\/#primaryimage"},"thumbnailUrl":"https:\/\/www.assistenzafirenze.it\/wp-content\/uploads\/2026\/04\/Rossoico400.png","datePublished":"2026-04-15T14:07:00+00:00","dateModified":"2026-06-12T14:22:29+00:00","breadcrumb":{"@id":"http:\/\/www.assistenzafirenze.it\/index.php\/product\/rosso-di-montalcino\/#breadcrumb"},"inLanguage":"it-IT","potentialAction":[{"@type":"ReadAction","target":["http:\/\/www.assistenzafirenze.it\/index.php\/product\/rosso-di-montalcino\/"]}]},{"@type":"ImageObject","inLanguage":"it-IT","@id":"http:\/\/www.assistenzafirenze.it\/index.php\/product\/rosso-di-montalcino\/#primaryimage","url":"https:\/\/www.assistenzafirenze.it\/wp-content\/uploads\/2026\/04\/Rossoico400.png","contentUrl":"https:\/\/www.assistenzafirenze.it\/wp-content\/uploads\/2026\/04\/Rossoico400.png","width":400,"height":400},{"@type":"BreadcrumbList","@id":"http:\/\/www.assistenzafirenze.it\/index.php\/product\/rosso-di-montalcino\/#breadcrumb","itemListElement":[{"@type":"ListItem","position":1,"name":"Home","item":"http:\/\/www.assistenzafirenze.it\/"},{"@type":"ListItem","position":2,"name":"Shop","item":"http:\/\/www.assistenzafirenze.it\/index.php\/shop\/"},{"@type":"ListItem","position":3,"name":"Rosso di Montalcino"}]},{"@type":"WebSite","@id":"http:\/\/www.assistenzafirenze.it\/#website","url":"http:\/\/www.assistenzafirenze.it\/","name":"Le Chiuse","description":"Le Chiuse Montalcino","publisher":{"@id":"http:\/\/www.assistenzafirenze.it\/#organization"},"potentialAction":[{"@type":"SearchAction","target":{"@type":"EntryPoint","urlTemplate":"http:\/\/www.assistenzafirenze.it\/?s={search_term_string}"},"query-input":{"@type":"PropertyValueSpecification","valueRequired":true,"valueName":"search_term_string"}}],"inLanguage":"it-IT"},{"@type":"Organization","@id":"http:\/\/www.assistenzafirenze.it\/#organization","name":"Le Chiuse","url":"http:\/\/www.assistenzafirenze.it\/","logo":{"@type":"ImageObject","inLanguage":"it-IT","@id":"http:\/\/www.assistenzafirenze.it\/#\/schema\/logo\/image\/","url":"https:\/\/www.assistenzafirenze.it\/wp-content\/uploads\/2026\/04\/logochiuseoff.png","contentUrl":"https:\/\/www.assistenzafirenze.it\/wp-content\/uploads\/2026\/04\/logochiuseoff.png","width":561,"height":348,"caption":"Le Chiuse"},"image":{"@id":"http:\/\/www.assistenzafirenze.it\/#\/schema\/logo\/image\/"}}]}</script>
<!-- / Yoast SEO plugin. -->

terreni: di origine oceanica con arenaria e striature argillose vigne: tutti vigneti di proprietà raccolta: manuale, diraspatura per oscillazione e ricevimento acini in vasca per gravità Uve: sangiovese grosso bbs11 da conduzione agronomica biologica certificata e biodinamica Fermentazione: lieviti indigeni, temperatura controllata Macerazione: circa 3 settimane sulle bucce in vasche di cemento ed acciaio Affinamento:...
